{"id":639,"date":"2016-08-26T09:21:23","date_gmt":"2016-08-26T09:21:23","guid":{"rendered":"http:\/\/esch-taunus.de\/?page_id=639"},"modified":"2021-01-07T12:18:22","modified_gmt":"2021-01-07T11:18:22","slug":"limburger-strasse","status":"publish","type":"page","link":"https:\/\/esch-taunus.de\/?page_id=639","title":{"rendered":"Limburger Stra\u00dfe"},"content":{"rendered":"\n<p>Die Limburger Stra\u00dfe vereinigt ab der Kreuzung der B 8 \/ B 275 (<a href=\"http:\/\/esch-taunus.de\/?page_id=9\">Frankfurter Stra\u00dfe<\/a>\u00a0\/ <a href=\"http:\/\/esch-taunus.de\/?page_id=85\">Schwalbacher Stra\u00dfe)<\/a> in der Ortsmitte (Dalles) beide Bundesstra\u00dfe, bis die B 275 an der so genannten &#8222;Kronenbr\u00fccke&#8220; als <a href=\"http:\/\/esch-taunus.de\/?page_id=94\">Emstalstra\u00dfe<\/a> in Richtung Niederems abzweigt. Die ehemals zur Schwalbacher Stra\u00dfe geh\u00f6renden Geb\u00e4ude des Anwesen Lanz hinter Saal und Scheune geh\u00f6ren seit 2012 ebenfalls zur Limburger Stra\u00dfe.<\/p>\n\n\n\n<p>Die Limburger Stra\u00dfe ist Teil der heutigen Bundesstra\u00dfe 8. Die Herrschaft von Nassau Idstein versuchte im 18. Jahrhundert durch einen Schlagbaum bei Esch die Benutzung des heute bedeutenden direkten Weges von Limburg nach K\u00f6nigstein durch den\u00a0Goldenen Grund\u00a0zu verhindern und den Verkehr auf der besser zu kontrollierenden <a href=\"https:\/\/esch-taunus.de\/?p=1764\" data-type=\"post\" data-id=\"1764\">Hohen Stra\u00dfe<\/a> zu halten. Eine Verbesserung trat erst mit dem Chaussebau von Limburg nach K\u00f6nigstein ab 1768. <\/p>\n\n\n\n<p>Quellen:<\/p>\n\n\n<div id=\"zotpress-c600a2c6e465cc5ec684d09897468180\" class=\"zp-Zotpress zp-Zotpress-Bib wp-block-group\">\n\n\t\t<span class=\"ZP_API_USER_ID ZP_ATTR\">3307718<\/span>\n\t\t<span class=\"ZP_ITEM_KEY ZP_ATTR\">{3307718:UPZR8HW6}<\/span>\n\t\t<span class=\"ZP_COLLECTION_ID ZP_ATTR\"><\/span>\n\t\t<span class=\"ZP_TAG_ID ZP_ATTR\"><\/span>\n\t\t<span class=\"ZP_AUTHOR ZP_ATTR\"><\/span>\n\t\t<span class=\"ZP_YEAR ZP_ATTR\"><\/span>\n        <span class=\"ZP_ITEMTYPE ZP_ATTR\"><\/span>\n\t\t<span class=\"ZP_INCLUSIVE ZP_ATTR\">1<\/span>\n\t\t<span class=\"ZP_STYLE ZP_ATTR\">harvard1<\/span>\n\t\t<span class=\"ZP_LIMIT ZP_ATTR\">50<\/span>\n\t\t<span class=\"ZP_SORTBY ZP_ATTR\">default<\/span>\n\t\t<span class=\"ZP_ORDER ZP_ATTR\"><\/span>\n\t\t<span class=\"ZP_TITLE ZP_ATTR\"><\/span>\n\t\t<span class=\"ZP_SHOWIMAGE ZP_ATTR\"><\/span>\n\t\t<span class=\"ZP_SHOWTAGS ZP_ATTR\"><\/span>\n\t\t<span class=\"ZP_DOWNLOADABLE ZP_ATTR\"><\/span>\n\t\t<span class=\"ZP_NOTES ZP_ATTR\"><\/span>\n\t\t<span class=\"ZP_ABSTRACT ZP_ATTR\"><\/span>\n\t\t<span class=\"ZP_CITEABLE ZP_ATTR\"><\/span>\n\t\t<span class=\"ZP_TARGET ZP_ATTR\"><\/span>\n\t\t<span class=\"ZP_URLWRAP ZP_ATTR\"><\/span>\n\t\t<span class=\"ZP_FORCENUM ZP_ATTR\"><\/span>\n        <span class=\"ZP_HIGHLIGHT ZP_ATTR\"><\/span>\n        <span class=\"ZP_POSTID ZP_ATTR\">639<\/span>\n\t\t<span class=\"ZOTPRESS_PLUGIN_URL ZP_ATTR\">https:\/\/esch-taunus.de\/wp-content\/plugins\/zotpress\/<\/span>\n\n\t\t<div class=\"zp-List loading\">\n\t\t\t<div class=\"zp-SEO-Content\">\n\t\t\t\t<span class=\"ZP_JSON ZP_ATTR\">%7B%22status%22%3A%22success%22%2C%22updateneeded%22%3Afalse%2C%22instance%22%3Afalse%2C%22meta%22%3A%7B%22request_last%22%3A0%2C%22request_next%22%3A0%2C%22used_cache%22%3Atrue%7D%2C%22data%22%3A%5B%7B%22key%22%3A%22UPZR8HW6%22%2C%22library%22%3A%7B%22id%22%3A3307718%7D%2C%22meta%22%3A%7B%22creatorSummary%22%3A%22Kreisausschuss%20des%20Rheingau-Taunus-Kreises%22%2C%22parsedDate%22%3A%222009%22%2C%22numChildren%22%3A1%7D%2C%22bib%22%3A%22%26lt%3Bdiv%20class%3D%26quot%3Bcsl-bib-body%26quot%3B%20style%3D%26quot%3Bline-height%3A%201.35%3B%20%26quot%3B%26gt%3B%5Cn%20%20%26lt%3Bdiv%20class%3D%26quot%3Bcsl-entry%26quot%3B%26gt%3BKreisausschuss%20des%20Rheingau-Taunus-Kreises%20%282009%29%20%26lt%3Bi%26gt%3BJahrbuch%20Rheingau-Taunus-Kreis%26lt%3B%5C%2Fi%26gt%3B.%20%2860%29.%26lt%3B%5C%2Fdiv%26gt%3B%5Cn%26lt%3B%5C%2Fdiv%26gt%3B%22%2C%22data%22%3A%7B%22itemType%22%3A%22book%22%2C%22title%22%3A%22Jahrbuch%20Rheingau-Taunus-Kreis%22%2C%22creators%22%3A%5B%7B%22creatorType%22%3A%22author%22%2C%22name%22%3A%22Kreisausschuss%20des%20Rheingau-Taunus-Kreises%22%7D%5D%2C%22abstractNote%22%3A%22%22%2C%22date%22%3A%222009%22%2C%22originalDate%22%3A%22%22%2C%22originalPublisher%22%3A%22%22%2C%22originalPlace%22%3A%22%22%2C%22format%22%3A%22%22%2C%22ISBN%22%3A%22%22%2C%22DOI%22%3A%22%22%2C%22citationKey%22%3A%22%22%2C%22url%22%3A%22%22%2C%22ISSN%22%3A%22%22%2C%22language%22%3A%22%22%2C%22collections%22%3A%5B%22JK8NAIU9%22%5D%2C%22dateModified%22%3A%222021-01-07T10%3A58%3A31Z%22%7D%7D%5D%7D<\/span>\n\n\t\t\t\t<div id=\"zp-ID-639-3307718-UPZR8HW6\" data-zp-author-date='Kreisausschuss-des-Rheingau-Taunus-Kreises-2009' data-zp-date-author='2009-Kreisausschuss-des-Rheingau-Taunus-Kreises' data-zp-date='2009' data-zp-year='2009' data-zp-itemtype='book' class=\"zp-Entry zpSearchResultsItem\">\n<div class=\"csl-bib-body\" style=\"line-height: 1.35; \">\n  <div class=\"csl-entry\">Kreisausschuss des Rheingau-Taunus-Kreises (2009) <i>Jahrbuch Rheingau-Taunus-Kreis<\/i>. (60).<\/div>\n<\/div>\n\t\t\t\t<\/div><!-- .zp-Entry .zpSearchResultsItem -->\n\t\t\t<\/div><!-- .zp-zp-SEO-Content -->\n\t\t<\/div><!-- .zp-List -->\n\t<\/div><!--.zp-Zotpress-->\n\n\n\n\n<ul class=\"wp-block-latest-posts__list wp-block-latest-posts\"><li><a class=\"wp-block-latest-posts__post-title\" href=\"https:\/\/esch-taunus.de\/?p=1203\">Ahlen<\/a><div class=\"wp-block-latest-posts__post-excerpt\">Der &#8222;Ahlen&#8220; ist eine schmale Gasse zwischen den H\u00e4usern\u00a0Schwalbacher Stra\u00dfe\u00a019 (ehemals 17, Haus\u00a0Eschenheimer) und 15 (ehemals Baum, dann Niemann, heute Richter). Er endet in der Flur &#8222;An der Limburger Stra\u00dfe&#8220;. Die H\u00e4user dort geh\u00f6ren heute auch postalisch zur\u00a0Limburger Stra\u00dfe, bis vor wenigen Jahren geh\u00f6rten sie als Hausnummer 19a zur Schwalbacher Stra\u00dfe. Ahlen bedeutet sinngem\u00e4\u00df ganz\u2026\u00a0<a class=\"wp-block-latest-posts__read-more\" href=\"https:\/\/esch-taunus.de\/?p=1203\" rel=\"noopener noreferrer\"><span class=\"screen-reader-text\">Ahlen <\/span>weiterlesen<\/a><\/div><\/li>\n<li><a class=\"wp-block-latest-posts__post-title\" href=\"https:\/\/esch-taunus.de\/?p=643\">Kronenbr\u00fccke<\/a><div class=\"wp-block-latest-posts__post-excerpt\">Die von den Einwohnern &#8222;Kronenbr\u00fccke&#8220; genannte Br\u00fccke f\u00fchrt die\u00a0Limburger Stra\u00dfe und damit die B 8 und die B 275 \u00fcber den Emsbach.<\/div><\/li>\n<\/ul>","protected":false},"excerpt":{"rendered":"<p>Die Limburger Stra\u00dfe vereinigt ab der Kreuzung der B 8 \/ B 275 (Frankfurter Stra\u00dfe\u00a0\/ Schwalbacher Stra\u00dfe) in der Ortsmitte (Dalles) beide Bundesstra\u00dfe, bis die B 275 an der so genannten &#8222;Kronenbr\u00fccke&#8220; als Emstalstra\u00dfe in Richtung Niederems abzweigt. Die ehemals zur Schwalbacher Stra\u00dfe geh\u00f6renden Geb\u00e4ude des Anwesen Lanz hinter Saal und Scheune geh\u00f6ren seit 2012 [&hellip;]<\/p>\n","protected":false},"author":1,"featured_media":0,"parent":7,"menu_order":0,"comment_status":"closed","ping_status":"closed","template":"","meta":{"jetpack_post_was_ever_published":false,"footnotes":""},"class_list":["post-639","page","type-page","status-publish","hentry"],"jetpack_shortlink":"https:\/\/wp.me\/P7PAez-aj","jetpack_sharing_enabled":true,"jetpack_likes_enabled":true,"_links":{"self":[{"href":"https:\/\/esch-taunus.de\/index.php?rest_route=\/wp\/v2\/pages\/639","targetHints":{"allow":["GET"]}}],"collection":[{"href":"https:\/\/esch-taunus.de\/index.php?rest_route=\/wp\/v2\/pages"}],"about":[{"href":"https:\/\/esch-taunus.de\/index.php?rest_route=\/wp\/v2\/types\/page"}],"author":[{"embeddable":true,"href":"https:\/\/esch-taunus.de\/index.php?rest_route=\/wp\/v2\/users\/1"}],"replies":[{"embeddable":true,"href":"https:\/\/esch-taunus.de\/index.php?rest_route=%2Fwp%2Fv2%2Fcomments&post=639"}],"version-history":[{"count":4,"href":"https:\/\/esch-taunus.de\/index.php?rest_route=\/wp\/v2\/pages\/639\/revisions"}],"predecessor-version":[{"id":2627,"href":"https:\/\/esch-taunus.de\/index.php?rest_route=\/wp\/v2\/pages\/639\/revisions\/2627"}],"up":[{"embeddable":true,"href":"https:\/\/esch-taunus.de\/index.php?rest_route=\/wp\/v2\/pages\/7"}],"wp:attachment":[{"href":"https:\/\/esch-taunus.de\/index.php?rest_route=%2Fwp%2Fv2%2Fmedia&parent=639"}],"curies":[{"name":"wp","href":"https:\/\/api.w.org\/{rel}","templated":true}]}}

Limburger Straße

<p>Die Limburger Straße vereinigt ab der Kreuzung der B 8 / B 275 (<a href="http://esch-taunus.de/?page_id=9">Frankfurter Straße</a> / <a href="http://esch-taunus.de/?page_id=85">Schwalbacher Straße)</a> in der Ortsmitte (Dalles) beide Bundesstraße, bis die B 275 an der so genannten &#8222;Kronenbrücke&#8220; als <a href="http://esch-taunus.de/?page_id=94">Emstalstraße</a> in Richtung Niederems abzweigt. Die ehemals zur Schwalbacher Straße gehörenden Gebäude des Anwesen Lanz hinter Saal und Scheune gehören seit 2012 ebenfalls zur Limburger Straße.</p>



<p>Die Limburger Straße ist Teil der heutigen Bundesstraße 8. Die Herrschaft von Nassau Idstein versuchte im 18. Jahrhundert durch einen Schlagbaum bei Esch die Benutzung des heute bedeutenden direkten Weges von Limburg nach Königstein durch den Goldenen Grund zu verhindern und den Verkehr auf der besser zu kontrollierenden <a href="https://esch-taunus.de/?p=1764" data-type="post" data-id="1764">Hohen Straße</a> zu halten. Eine Verbesserung trat erst mit dem Chaussebau von Limburg nach Königstein ab 1768. </p>



<p>Quellen:</p>


<div id="zotpress-c600a2c6e465cc5ec684d09897468180" class="zp-Zotpress zp-Zotpress-Bib wp-block-group">

		<span class="ZP_API_USER_ID ZP_ATTR">3307718</span>
		<span class="ZP_ITEM_KEY ZP_ATTR">{3307718:UPZR8HW6}</span>
		<span class="ZP_COLLECTION_ID ZP_ATTR"></span>
		<span class="ZP_TAG_ID ZP_ATTR"></span>
		<span class="ZP_AUTHOR ZP_ATTR"></span>
		<span class="ZP_YEAR ZP_ATTR"></span>
        <span class="ZP_ITEMTYPE ZP_ATTR"></span>
		<span class="ZP_INCLUSIVE ZP_ATTR">1</span>
		<span class="ZP_STYLE ZP_ATTR">harvard1</span>
		<span class="ZP_LIMIT ZP_ATTR">50</span>
		<span class="ZP_SORTBY ZP_ATTR">default</span>
		<span class="ZP_ORDER ZP_ATTR"></span>
		<span class="ZP_TITLE ZP_ATTR"></span>
		<span class="ZP_SHOWIMAGE ZP_ATTR"></span>
		<span class="ZP_SHOWTAGS ZP_ATTR"></span>
		<span class="ZP_DOWNLOADABLE ZP_ATTR"></span>
		<span class="ZP_NOTES ZP_ATTR"></span>
		<span class="ZP_ABSTRACT ZP_ATTR"></span>
		<span class="ZP_CITEABLE ZP_ATTR"></span>
		<span class="ZP_TARGET ZP_ATTR"></span>
		<span class="ZP_URLWRAP ZP_ATTR"></span>
		<span class="ZP_FORCENUM ZP_ATTR"></span>
        <span class="ZP_HIGHLIGHT ZP_ATTR"></span>
        <span class="ZP_POSTID ZP_ATTR">639</span>
		<span class="ZOTPRESS_PLUGIN_URL ZP_ATTR">https://esch-taunus.de/wp-content/plugins/zotpress/</span>

		<div class="zp-List loading">
			<div class="zp-SEO-Content">
				<span class="ZP_JSON ZP_ATTR">%7B%22status%22%3A%22success%22%2C%22updateneeded%22%3Afalse%2C%22instance%22%3Afalse%2C%22meta%22%3A%7B%22request_last%22%3A0%2C%22request_next%22%3A0%2C%22used_cache%22%3Atrue%7D%2C%22data%22%3A%5B%7B%22key%22%3A%22UPZR8HW6%22%2C%22library%22%3A%7B%22id%22%3A3307718%7D%2C%22meta%22%3A%7B%22creatorSummary%22%3A%22Kreisausschuss%20des%20Rheingau-Taunus-Kreises%22%2C%22parsedDate%22%3A%222009%22%2C%22numChildren%22%3A1%7D%2C%22bib%22%3A%22%26lt%3Bdiv%20class%3D%26quot%3Bcsl-bib-body%26quot%3B%20style%3D%26quot%3Bline-height%3A%201.35%3B%20%26quot%3B%26gt%3B%5Cn%20%20%26lt%3Bdiv%20class%3D%26quot%3Bcsl-entry%26quot%3B%26gt%3BKreisausschuss%20des%20Rheingau-Taunus-Kreises%20%282009%29%20%26lt%3Bi%26gt%3BJahrbuch%20Rheingau-Taunus-Kreis%26lt%3B%5C%2Fi%26gt%3B.%20%2860%29.%26lt%3B%5C%2Fdiv%26gt%3B%5Cn%26lt%3B%5C%2Fdiv%26gt%3B%22%2C%22data%22%3A%7B%22itemType%22%3A%22book%22%2C%22title%22%3A%22Jahrbuch%20Rheingau-Taunus-Kreis%22%2C%22creators%22%3A%5B%7B%22creatorType%22%3A%22author%22%2C%22name%22%3A%22Kreisausschuss%20des%20Rheingau-Taunus-Kreises%22%7D%5D%2C%22abstractNote%22%3A%22%22%2C%22date%22%3A%222009%22%2C%22originalDate%22%3A%22%22%2C%22originalPublisher%22%3A%22%22%2C%22originalPlace%22%3A%22%22%2C%22format%22%3A%22%22%2C%22ISBN%22%3A%22%22%2C%22DOI%22%3A%22%22%2C%22citationKey%22%3A%22%22%2C%22url%22%3A%22%22%2C%22ISSN%22%3A%22%22%2C%22language%22%3A%22%22%2C%22collections%22%3A%5B%22JK8NAIU9%22%5D%2C%22dateModified%22%3A%222021-01-07T10%3A58%3A31Z%22%7D%7D%5D%7D</span>

				<div id="zp-ID-639-3307718-UPZR8HW6" data-zp-author-date='Kreisausschuss-des-Rheingau-Taunus-Kreises-2009' data-zp-date-author='2009-Kreisausschuss-des-Rheingau-Taunus-Kreises' data-zp-date='2009' data-zp-year='2009' data-zp-itemtype='book' class="zp-Entry zpSearchResultsItem">
<div class="csl-bib-body" style="line-height: 1.35; ">
  <div class="csl-entry">Kreisausschuss des Rheingau-Taunus-Kreises (2009) <i>Jahrbuch Rheingau-Taunus-Kreis</i>. (60).</div>
</div>
				</div><!-- .zp-Entry .zpSearchResultsItem -->
			</div><!-- .zp-zp-SEO-Content -->
		</div><!-- .zp-List -->
	</div><!--.zp-Zotpress-->




<ul class="wp-block-latest-posts__list wp-block-latest-posts"><li><a class="wp-block-latest-posts__post-title" href="https://esch-taunus.de/?p=1203">Ahlen</a><div class="wp-block-latest-posts__post-excerpt">Der &#8222;Ahlen&#8220; ist eine schmale Gasse zwischen den Häusern Schwalbacher Straße 19 (ehemals 17, Haus Eschenheimer) und 15 (ehemals Baum, dann Niemann, heute Richter). Er endet in der Flur &#8222;An der Limburger Straße&#8220;. Die Häuser dort gehören heute auch postalisch zur Limburger Straße, bis vor wenigen Jahren gehörten sie als Hausnummer 19a zur Schwalbacher Straße. Ahlen bedeutet sinngemäß ganz… <a class="wp-block-latest-posts__read-more" href="https://esch-taunus.de/?p=1203" rel="noopener noreferrer"><span class="screen-reader-text">Ahlen </span>weiterlesen</a></div></li>
<li><a class="wp-block-latest-posts__post-title" href="https://esch-taunus.de/?p=643">Kronenbrücke</a><div class="wp-block-latest-posts__post-excerpt">Die von den Einwohnern &#8222;Kronenbrücke&#8220; genannte Brücke führt die Limburger Straße und damit die B 8 und die B 275 über den Emsbach.</div></li>
</ul>

<p>Die Limburger Straße vereinigt ab der Kreuzung der B 8 / B 275 (Frankfurter Straße / Schwalbacher Straße) in der Ortsmitte (Dalles) beide Bundesstraße, bis die B 275 an der so genannten &#8222;Kronenbrücke&#8220; als Emstalstraße in Richtung Niederems abzweigt. Die ehemals zur Schwalbacher Straße gehörenden Gebäude des Anwesen Lanz hinter Saal und Scheune gehören seit 2012 [&hellip;]</p>
