{"id":25,"date":"2016-08-21T20:18:58","date_gmt":"2016-08-21T20:18:58","guid":{"rendered":"http:\/\/esch-taunus.de\/?page_id=25"},"modified":"2021-01-07T12:29:57","modified_gmt":"2021-01-07T11:29:57","slug":"auf-der-lind","status":"publish","type":"page","link":"https:\/\/esch-taunus.de\/?page_id=25","title":{"rendered":"Auf der Lind"},"content":{"rendered":"\n<p>Einstmals nur Feld erstreckt sich heute in der Flur Auf der Lind das Gewerbegebiet von Esch. Anfang bis Mitte der 1990er Jahre wurde das Gebiet erschlossen, es entstanden Stra\u00dfen und erste Geb\u00e4ude. Heute befinden sich hier einige Gewerbebetriebe, unter anderem der Netto-Supermarkt (ehemals Treff3000, davor EDEKA Georg und Edeka Dernbach), das Architekturb\u00fcro Bussinger, die Firmen Insight Health und GKE usw. Die ehemals dort befindliche Discothek Club 74 wurde inzwischen geschlossen und auch die Nachfolger EXIT und Orange Club hielten sich teilweise nur wenige Wochen. Im Geb\u00e4ude der Motorradhandlung Sicorello befindet sich eine kleine Gastst\u00e4tte, die seither unter vielen Namen mit wechselnden Besitzern bestand sowie die Postfiliale f\u00fcr Waldems. Bis 2014 war das Gewerbegebiet nur mit einer Stra\u00dfe, n\u00e4mlich &#8222;Auf der Lind&#8220; erschlossen, die es L-f\u00f6rmig durchzieht. Am Rand der Bebauung, oberhalb der Sackgasse &#8222;In der Hohl&#8220; endet sie in einem Wendehammer.<\/p>\n\n\n\n<p>Nachdem der Mitte 2007 eingef\u00fchrte neue Busplan f\u00fcr den Rheingau-Taunus-Kreis Esch zum Knotenpunkt f\u00fcr mehrere Buslinien gemacht hatte hielten st\u00fcndlich vier bis sechs Busse gleichzeitig an der Bushaltestelle Schwalbacher Stra\u00dfe. Dies sorgte f\u00fcr Verkehrsbehinderungen, da die Busse vom Durchgangsverkehr nicht passiert werden konnten. So wurde die Umsteigestelle in die Lindenstra\u00dfe verlegt. Auch hier kam es zu Problemen. Zum einen f\u00fchlten sich die Anwohner gest\u00f6rt, zum anderen waren weder Fahrbahnbelag noch Bordsteine den Lasten durch Busse und Fahrg\u00e4ste gewachsen.<\/p>\n\n\n\n<p>Mitte 2008 wurde dann von der Gemeinde Waldems im geplanten Gewerbegebiet Auf der Lind II eine moderne Umsteigestelle f\u00fcr rund 226.000,00 Euro gebaut. Ein Umfahrt erm\u00f6glicht das gleichzeitige Halten von sechs Bussen. Zwei moderne Wartehallen der Firma MABEG sowie zwei Haltestellenmasten und eine angemessene Beleuchtung wurden aufgestellt. Die Umsteigestelle Auf der Lind wurde somit zu einem von neun zentralen Umsteigepunkten im Kreis ausgebaut. Am 5. August 2008 wurde die Umsteigeanlage offiziell \u00fcbergeben.<\/p>\n\n\n\n<p>Ab 2013\/2014 wurde das Gewerbegebiet in Richtung der Flur &#8222;Auf der <a href=\"http:\/\/esch-taunus.de\/?p=133\">Marschbach&#8220;<\/a> um eine gleichnamige Stra\u00dfe erweitert, wo sich zwischenzeitlich einige Firmen angesiedelt haben, so die ehemals im Hause &#8222;D\u00f6rfer&#8220; an der <a href=\"http:\/\/esch-taunus.de\/?page_id=85\">Schwalbacher Stra\u00dfe<\/a> beheimatete Gitarrenwerkstatt von Christian Stoll, der deutschlandweit t\u00e4tige Versand von Autopflegeprodukten von Thomas Hackner und der Malerbetrieb von Oliver Brauers aus Niederems.<\/p>\n\n\n\n<p>Im Jahr 2015 wurden drei neue, gro\u00dfe Geb\u00e4ude mit Parkdeck und Tiefgaragen oberhalb der bisherigen Bebauung in der Flur Auf der Bl\u00f6tz&nbsp;gebaut. Dort sind neben den bereits bisher vertretenen Firmen GKE und Insight Health auch verschiedene B\u00fcros und eine weitere Arztpraxis untergebracht.<\/p>\n\n\n\n<p>Quellen:<\/p>\n\n\n<div id=\"zotpress-20b9707d6b2913b552dae786fd59bee6\" class=\"zp-Zotpress zp-Zotpress-Bib wp-block-group\">\n\n\t\t<span class=\"ZP_API_USER_ID ZP_ATTR\">3307718<\/span>\n\t\t<span class=\"ZP_ITEM_KEY ZP_ATTR\">{3307718:IKNEV8MT},{3307718:UPZR8HW6}<\/span>\n\t\t<span class=\"ZP_COLLECTION_ID ZP_ATTR\"><\/span>\n\t\t<span class=\"ZP_TAG_ID ZP_ATTR\"><\/span>\n\t\t<span class=\"ZP_AUTHOR ZP_ATTR\"><\/span>\n\t\t<span class=\"ZP_YEAR ZP_ATTR\"><\/span>\n        <span class=\"ZP_ITEMTYPE ZP_ATTR\"><\/span>\n\t\t<span class=\"ZP_INCLUSIVE ZP_ATTR\">1<\/span>\n\t\t<span class=\"ZP_STYLE ZP_ATTR\">harvard1<\/span>\n\t\t<span class=\"ZP_LIMIT ZP_ATTR\">50<\/span>\n\t\t<span class=\"ZP_SORTBY ZP_ATTR\">default<\/span>\n\t\t<span class=\"ZP_ORDER ZP_ATTR\"><\/span>\n\t\t<span class=\"ZP_TITLE ZP_ATTR\"><\/span>\n\t\t<span class=\"ZP_SHOWIMAGE ZP_ATTR\"><\/span>\n\t\t<span class=\"ZP_SHOWTAGS ZP_ATTR\"><\/span>\n\t\t<span class=\"ZP_DOWNLOADABLE ZP_ATTR\"><\/span>\n\t\t<span class=\"ZP_NOTES ZP_ATTR\"><\/span>\n\t\t<span class=\"ZP_ABSTRACT ZP_ATTR\"><\/span>\n\t\t<span class=\"ZP_CITEABLE ZP_ATTR\"><\/span>\n\t\t<span class=\"ZP_TARGET ZP_ATTR\"><\/span>\n\t\t<span class=\"ZP_URLWRAP ZP_ATTR\"><\/span>\n\t\t<span class=\"ZP_FORCENUM ZP_ATTR\"><\/span>\n        <span class=\"ZP_HIGHLIGHT ZP_ATTR\"><\/span>\n        <span class=\"ZP_POSTID ZP_ATTR\">25<\/span>\n\t\t<span class=\"ZOTPRESS_PLUGIN_URL ZP_ATTR\">https:\/\/esch-taunus.de\/wp-content\/plugins\/zotpress\/<\/span>\n\n\t\t<div class=\"zp-List loading\">\n\t\t\t<div class=\"zp-SEO-Content\">\n\t\t\t\t<span class=\"ZP_JSON ZP_ATTR\">%7B%22status%22%3A%22success%22%2C%22updateneeded%22%3Afalse%2C%22instance%22%3Afalse%2C%22meta%22%3A%7B%22request_last%22%3A0%2C%22request_next%22%3A0%2C%22used_cache%22%3Atrue%7D%2C%22data%22%3A%5B%7B%22key%22%3A%22UPZR8HW6%22%2C%22library%22%3A%7B%22id%22%3A3307718%7D%2C%22meta%22%3A%7B%22creatorSummary%22%3A%22Kreisausschuss%20des%20Rheingau-Taunus-Kreises%22%2C%22parsedDate%22%3A%222009%22%2C%22numChildren%22%3A1%7D%2C%22bib%22%3A%22%26lt%3Bdiv%20class%3D%26quot%3Bcsl-bib-body%26quot%3B%20style%3D%26quot%3Bline-height%3A%201.35%3B%20%26quot%3B%26gt%3B%5Cn%20%20%26lt%3Bdiv%20class%3D%26quot%3Bcsl-entry%26quot%3B%26gt%3BKreisausschuss%20des%20Rheingau-Taunus-Kreises%20%282009%29%20%26lt%3Bi%26gt%3BJahrbuch%20Rheingau-Taunus-Kreis%26lt%3B%5C%2Fi%26gt%3B.%20%2860%29.%26lt%3B%5C%2Fdiv%26gt%3B%5Cn%26lt%3B%5C%2Fdiv%26gt%3B%22%2C%22data%22%3A%7B%22itemType%22%3A%22book%22%2C%22title%22%3A%22Jahrbuch%20Rheingau-Taunus-Kreis%22%2C%22creators%22%3A%5B%7B%22creatorType%22%3A%22author%22%2C%22name%22%3A%22Kreisausschuss%20des%20Rheingau-Taunus-Kreises%22%7D%5D%2C%22abstractNote%22%3A%22%22%2C%22date%22%3A%222009%22%2C%22language%22%3A%22%22%2C%22ISBN%22%3A%22%22%2C%22url%22%3A%22%22%2C%22collections%22%3A%5B%22JK8NAIU9%22%5D%2C%22dateModified%22%3A%222021-01-07T10%3A58%3A31Z%22%7D%7D%2C%7B%22key%22%3A%22IKNEV8MT%22%2C%22library%22%3A%7B%22id%22%3A3307718%7D%2C%22meta%22%3A%7B%22creatorSummary%22%3A%22Hessisches%20Landesamt%20f%5Cu00fcr%20Bodenmanagement%20und%20Geoinformation%22%2C%22numChildren%22%3A0%7D%2C%22bib%22%3A%22%26lt%3Bdiv%20class%3D%26quot%3Bcsl-bib-body%26quot%3B%20style%3D%26quot%3Bline-height%3A%201.35%3B%20%26quot%3B%26gt%3B%5Cn%20%20%26lt%3Bdiv%20class%3D%26quot%3Bcsl-entry%26quot%3B%26gt%3BHessisches%20Landesamt%20f%26%23xFC%3Br%20Bodenmanagement%20und%20Geoinformation%20%28no%20date%29%20%26lt%3Bi%26gt%3BGeoportal%20Hessen%26lt%3B%5C%2Fi%26gt%3B.%20Available%20at%3A%20%26lt%3Ba%20class%3D%26%23039%3Bzp-ItemURL%26%23039%3B%20href%3D%26%23039%3Bhttp%3A%5C%2F%5C%2Fwww.geoportal.hessen.de%5C%2F%26%23039%3B%26gt%3Bhttp%3A%5C%2F%5C%2Fwww.geoportal.hessen.de%5C%2F%26lt%3B%5C%2Fa%26gt%3B.%26lt%3B%5C%2Fdiv%26gt%3B%5Cn%26lt%3B%5C%2Fdiv%26gt%3B%22%2C%22data%22%3A%7B%22itemType%22%3A%22webpage%22%2C%22title%22%3A%22Geoportal%20Hessen%22%2C%22creators%22%3A%5B%7B%22creatorType%22%3A%22author%22%2C%22name%22%3A%22Hessisches%20Landesamt%20f%5Cu00fcr%20Bodenmanagement%20und%20Geoinformation%22%7D%5D%2C%22abstractNote%22%3A%22%22%2C%22date%22%3A%22%22%2C%22url%22%3A%22http%3A%5C%2F%5C%2Fwww.geoportal.hessen.de%5C%2F%22%2C%22language%22%3A%22%22%2C%22collections%22%3A%5B%5D%2C%22dateModified%22%3A%222016-09-01T09%3A36%3A31Z%22%7D%7D%5D%7D<\/span>\n\n\t\t\t\t<div id=\"zp-ID-25-3307718-UPZR8HW6\" data-zp-author-date='Kreisausschuss-des-Rheingau-Taunus-Kreises-2009' data-zp-date-author='2009-Kreisausschuss-des-Rheingau-Taunus-Kreises' data-zp-date='2009' data-zp-year='2009' data-zp-itemtype='book' class=\"zp-Entry zpSearchResultsItem\">\n<div class=\"csl-bib-body\" style=\"line-height: 1.35; \">\n  <div class=\"csl-entry\">Kreisausschuss des Rheingau-Taunus-Kreises (2009) <i>Jahrbuch Rheingau-Taunus-Kreis<\/i>. (60).<\/div>\n<\/div>\n\t\t\t\t<\/div><!-- .zp-Entry .zpSearchResultsItem -->\t\t\t\t<div id=\"zp-ID-25-3307718-IKNEV8MT\" data-zp-author-date='Hessisches-Landesamt-f\u00fcr-Bodenmanagement-und-Geoinformation-0000-00-00' data-zp-date-author='0000-00-00-Hessisches-Landesamt-f\u00fcr-Bodenmanagement-und-Geoinformation' data-zp-date='0000-00-00' data-zp-year='0000' data-zp-itemtype='webpage' class=\"zp-Entry zpSearchResultsItem\">\n<div class=\"csl-bib-body\" style=\"line-height: 1.35; \">\n  <div class=\"csl-entry\">Hessisches Landesamt f\u00fcr Bodenmanagement und Geoinformation (no date) <i>Geoportal Hessen<\/i>. Available at: <a class='zp-ItemURL' href='http:\/\/www.geoportal.hessen.de\/'>http:\/\/www.geoportal.hessen.de\/<\/a>.<\/div>\n<\/div>\n\t\t\t\t<\/div><!-- .zp-Entry .zpSearchResultsItem -->\n\t\t\t<\/div><!-- .zp-zp-SEO-Content -->\n\t\t<\/div><!-- .zp-List -->\n\t<\/div><!--.zp-Zotpress-->\n\n\n\n\n<ul class=\"wp-block-latest-posts__list wp-block-latest-posts\"><\/ul>","protected":false},"excerpt":{"rendered":"<p>Einstmals nur Feld erstreckt sich heute in der Flur Auf der Lind das Gewerbegebiet von Esch. Anfang bis Mitte der 1990er Jahre wurde das Gebiet erschlossen, es entstanden Stra\u00dfen und erste Geb\u00e4ude. Heute befinden sich hier einige Gewerbebetriebe, unter anderem der Netto-Supermarkt (ehemals Treff3000, davor EDEKA Georg und Edeka Dernbach), das Architekturb\u00fcro Bussinger, die Firmen [&hellip;]<\/p>\n","protected":false},"author":1,"featured_media":0,"parent":7,"menu_order":0,"comment_status":"closed","ping_status":"closed","template":"","meta":{"jetpack_post_was_ever_published":false,"footnotes":""},"class_list":["post-25","page","type-page","status-publish","hentry"],"jetpack_shortlink":"https:\/\/wp.me\/P7PAez-p","jetpack_sharing_enabled":true,"jetpack_likes_enabled":true,"_links":{"self":[{"href":"https:\/\/esch-taunus.de\/index.php?rest_route=\/wp\/v2\/pages\/25","targetHints":{"allow":["GET"]}}],"collection":[{"href":"https:\/\/esch-taunus.de\/index.php?rest_route=\/wp\/v2\/pages"}],"about":[{"href":"https:\/\/esch-taunus.de\/index.php?rest_route=\/wp\/v2\/types\/page"}],"author":[{"embeddable":true,"href":"https:\/\/esch-taunus.de\/index.php?rest_route=\/wp\/v2\/users\/1"}],"replies":[{"embeddable":true,"href":"https:\/\/esch-taunus.de\/index.php?rest_route=%2Fwp%2Fv2%2Fcomments&post=25"}],"version-history":[{"count":3,"href":"https:\/\/esch-taunus.de\/index.php?rest_route=\/wp\/v2\/pages\/25\/revisions"}],"predecessor-version":[{"id":2631,"href":"https:\/\/esch-taunus.de\/index.php?rest_route=\/wp\/v2\/pages\/25\/revisions\/2631"}],"up":[{"embeddable":true,"href":"https:\/\/esch-taunus.de\/index.php?rest_route=\/wp\/v2\/pages\/7"}],"wp:attachment":[{"href":"https:\/\/esch-taunus.de\/index.php?rest_route=%2Fwp%2Fv2%2Fmedia&parent=25"}],"curies":[{"name":"wp","href":"https:\/\/api.w.org\/{rel}","templated":true}]}}